{"id":626,"date":"2023-11-28T11:55:30","date_gmt":"2023-11-28T11:55:30","guid":{"rendered":"https:\/\/growwithflow.nl\/?page_id=626"},"modified":"2024-05-17T16:12:08","modified_gmt":"2024-05-17T15:12:08","slug":"graduate-with-flow","status":"publish","type":"page","link":"https:\/\/growwithflow.nl\/index.php\/alle-modules\/graduate-with-flow\/","title":{"rendered":"Graduate With Flow"},"content":{"rendered":"\t\t<div data-elementor-type=\"wp-page\" data-elementor-id=\"626\" class=\"elementor elementor-626\" data-elementor-post-type=\"page\">\n\t\t\t\t<div class=\"elementor-element elementor-element-13bd05ca e-con-full e-flex e-con e-parent\" data-id=\"13bd05ca\" data-element_type=\"container\" data-e-type=\"container\" data-settings=\"{&quot;background_background&quot;:&quot;classic&quot;}\">\n\t\t<div class=\"elementor-element elementor-element-3bc0cf04 e-con-full e-flex e-con e-child\" data-id=\"3bc0cf04\" data-element_type=\"container\" data-e-type=\"container\">\n\t\t\t\t<div class=\"elementor-element elementor-element-1bbf44d8 elementor-widget elementor-widget-heading\" data-id=\"1bbf44d8\" data-element_type=\"widget\" data-e-type=\"widget\" data-widget_type=\"heading.default\">\n\t\t\t\t<div class=\"elementor-widget-container\">\n\t\t\t\t\t<h1 class=\"elementor-heading-title elementor-size-default\">Graduate With Flow<\/h1>\t\t\t\t<\/div>\n\t\t\t\t<\/div>\n\t\t\t\t<div class=\"elementor-element elementor-element-96a426d elementor-widget elementor-widget-text-editor\" data-id=\"96a426d\" data-element_type=\"widget\" data-e-type=\"widget\" data-widget_type=\"text-editor.default\">\n\t\t\t\t<div class=\"elementor-widget-container\">\n\t\t\t\t\t\t\t\t\t<p>De Graduate With Flow module staat in het teken van de periode rondom het afstuderen. Deze periode kan spanning en stress met zich meebrengen. Je volgt je laatste vakken, schrijft een afstudeerscriptie of loopt een afstudeerstage. Het einde van je studententijd komt daarmee \u00e9cht in zicht en een nieuwe fase breekt aan.<\/p>\t\t\t\t\t\t\t\t<\/div>\n\t\t\t\t<\/div>\n\t\t\t\t<\/div>\n\t\t\t\t<\/div>\n\t\t<div class=\"elementor-element elementor-element-35f24ad9 e-flex e-con-boxed e-con e-parent\" data-id=\"35f24ad9\" data-element_type=\"container\" data-e-type=\"container\">\n\t\t\t\t\t<div class=\"e-con-inner\">\n\t\t<div class=\"elementor-element elementor-element-62179243 e-con-full e-flex e-con e-child\" data-id=\"62179243\" data-element_type=\"container\" data-e-type=\"container\" data-settings=\"{&quot;background_background&quot;:&quot;classic&quot;}\">\n\t\t\t\t<div class=\"elementor-element elementor-element-5228fb9 elementor-widget elementor-widget-image\" data-id=\"5228fb9\" data-element_type=\"widget\" data-e-type=\"widget\" data-settings=\"{&quot;_animation&quot;:&quot;none&quot;}\" data-widget_type=\"image.default\">\n\t\t\t\t<div class=\"elementor-widget-container\">\n\t\t\t\t\t\t\t\t\t\t\t\t\t\t\t<img fetchpriority=\"high\" decoding=\"async\" width=\"720\" height=\"486\" src=\"https:\/\/growwithflow.nl\/wp-content\/uploads\/2023\/11\/graduate.webp\" class=\"attachment-full size-full wp-image-650\" alt=\"\" srcset=\"https:\/\/growwithflow.nl\/wp-content\/uploads\/2023\/11\/graduate.webp 720w, https:\/\/growwithflow.nl\/wp-content\/uploads\/2023\/11\/graduate-300x203.webp 300w\" sizes=\"(max-width: 720px) 100vw, 720px\" \/>\t\t\t\t\t\t\t\t\t\t\t\t\t\t\t<\/div>\n\t\t\t\t<\/div>\n\t\t\t\t<\/div>\n\t\t<div class=\"elementor-element elementor-element-75c545a1 e-con-full e-flex e-con e-child\" data-id=\"75c545a1\" data-element_type=\"container\" data-e-type=\"container\">\n\t\t<div class=\"elementor-element elementor-element-4358a39f e-con-full e-flex e-con e-child\" data-id=\"4358a39f\" data-element_type=\"container\" data-e-type=\"container\">\n\t\t\t\t<div class=\"elementor-element elementor-element-a571342 elementor-widget elementor-widget-heading\" data-id=\"a571342\" data-element_type=\"widget\" data-e-type=\"widget\" data-widget_type=\"heading.default\">\n\t\t\t\t<div class=\"elementor-widget-container\">\n\t\t\t\t\t<h2 class=\"elementor-heading-title elementor-size-default\">Ben je het afstuderen aan het uitstellen? <br>Zie je er tegenop wat hierna komen gaat? <br>Voel je druk om snel af te studeren? <br>Heb je het idee dat je nog niet klaar bent voor een volgende stap?<\/h2>\t\t\t\t<\/div>\n\t\t\t\t<\/div>\n\t\t\t\t<div class=\"elementor-element elementor-element-197197aa elementor-widget elementor-widget-heading\" data-id=\"197197aa\" data-element_type=\"widget\" data-e-type=\"widget\" data-widget_type=\"heading.default\">\n\t\t\t\t<div class=\"elementor-widget-container\">\n\t\t\t\t\t<h2 class=\"elementor-heading-title elementor-size-default\">Dan is deze module geschikt voor jou!<\/h2>\t\t\t\t<\/div>\n\t\t\t\t<\/div>\n\t\t\t\t<\/div>\n\t\t\t\t<div class=\"elementor-element elementor-element-385bd819 elementor-widget elementor-widget-text-editor\" data-id=\"385bd819\" data-element_type=\"widget\" data-e-type=\"widget\" data-widget_type=\"text-editor.default\">\n\t\t\t\t<div class=\"elementor-widget-container\">\n\t\t\t\t\t\t\t\t\t<p>In deze module wordt inzichtelijk wat deze periode voor jou spannend maakt, hoe jij omgaat met bijkomende uitdagingen en bieden we handvatten om deze periode fijn te laten verlopen. Hierna kun je vol vertrouwen de volgende fase tegemoet!<\/p>\n<p>Daarnaast krijg je hierbij drie persoonlijke \u00e9\u00e9n-op-\u00e9\u00e9n online coaching sessies, in te plannen wanneer het jou uitkomt.&nbsp;<\/p>\n<p>Voor meer informatie over de Grow sessies,&nbsp;<a style=\"font-family: var( --e-global-typography-accent-font-family ), Sans-serif; font-size: var( --e-global-typography-accent-font-size ); font-weight: var( --e-global-typography-accent-font-weight );\" href=\"https:\/\/growwithflow.nl\/index.php\/grow-sessies-2\/\">klik hier<\/a>.<\/p>\t\t\t\t\t\t\t\t<\/div>\n\t\t\t\t<\/div>\n\t\t\t\t<div class=\"elementor-element elementor-element-b033ab9 elementor-widget-divider--view-line elementor-widget elementor-widget-divider\" data-id=\"b033ab9\" data-element_type=\"widget\" data-e-type=\"widget\" data-widget_type=\"divider.default\">\n\t\t\t\t<div class=\"elementor-widget-container\">\n\t\t\t\t\t\t\t<div class=\"elementor-divider\">\n\t\t\t<span class=\"elementor-divider-separator\">\n\t\t\t\t\t\t<\/span>\n\t\t<\/div>\n\t\t\t\t\t\t<\/div>\n\t\t\t\t<\/div>\n\t\t\t\t<div class=\"elementor-element elementor-element-03b6a57 elementor-align-center elementor-widget elementor-widget-button\" data-id=\"03b6a57\" data-element_type=\"widget\" data-e-type=\"widget\" data-widget_type=\"button.default\">\n\t\t\t\t<div class=\"elementor-widget-container\">\n\t\t\t\t\t\t\t\t\t<div class=\"elementor-button-wrapper\">\n\t\t\t\t\t<a class=\"elementor-button elementor-button-link elementor-size-sm\" href=\"https:\/\/growwithflow.plugandpay.nl\/checkout\/graduate-with-flow-grow-sessies\">\n\t\t\t\t\t\t<span class=\"elementor-button-content-wrapper\">\n\t\t\t\t\t\t\t\t\t<span class=\"elementor-button-text\">Start hier voor  \u20ac399<\/span>\n\t\t\t\t\t<\/span>\n\t\t\t\t\t<\/a>\n\t\t\t\t<\/div>\n\t\t\t\t\t\t\t\t<\/div>\n\t\t\t\t<\/div>\n\t\t\t\t<\/div>\n\t\t\t\t\t<\/div>\n\t\t\t\t<\/div>\n\t\t<div class=\"elementor-element elementor-element-29ae1658 e-flex e-con-boxed e-con e-parent\" data-id=\"29ae1658\" data-element_type=\"container\" data-e-type=\"container\">\n\t\t\t\t\t<div class=\"e-con-inner\">\n\t\t<div class=\"elementor-element elementor-element-1a75002b e-con-full e-flex e-con e-child\" data-id=\"1a75002b\" data-element_type=\"container\" data-e-type=\"container\">\n\t\t\t\t<div class=\"elementor-element elementor-element-318b2c17 elementor-widget elementor-widget-heading\" data-id=\"318b2c17\" data-element_type=\"widget\" data-e-type=\"widget\" data-widget_type=\"heading.default\">\n\t\t\t\t<div class=\"elementor-widget-container\">\n\t\t\t\t\t<h2 class=\"elementor-heading-title elementor-size-default\">Bij aanschaf van de module, krijg jij toegang tot:<\/h2>\t\t\t\t<\/div>\n\t\t\t\t<\/div>\n\t\t\t\t<div class=\"elementor-element elementor-element-770162a7 elementor-widget elementor-widget-text-editor\" data-id=\"770162a7\" data-element_type=\"widget\" data-e-type=\"widget\" data-widget_type=\"text-editor.default\">\n\t\t\t\t<div class=\"elementor-widget-container\">\n\t\t\t\t\t\t\t\t\t<ul>\n<li><strong>Kennisclips over verschillende onderwerpen, zoals afstudeerangst, druk op het afstuderen, het volgen van een stage en grenzen aanvoelen en aangeven.<\/strong><\/li>\n<li><strong>Drie persoonlijke \u00e9\u00e9n-op-\u00e9\u00e9n online coaching sessies<\/strong><\/li>\n<li><strong>Theoretische en praktische oefeningen.<\/strong><\/li>\n<li><strong>Tips &amp; tricks vanuit onze kennis en eigen ervaringen.<\/strong><\/li>\n<li><strong>Word je automatisch lid van de Grow With Flow community: altijd ruimte voor jouw verhaal in het contact met lotgenoten.<\/strong><\/li>\n<li><strong>Online Q&amp;A momenten met ons.<\/strong><\/li>\n<li style=\"font-size: 23px;\"><span style=\"font-weight: bolder;\">Mogelijkheid om tegen een laag tarief extra Grow sessie(s) in te plannen.<\/span><\/li>\n<\/ul>\t\t\t\t\t\t\t\t<\/div>\n\t\t\t\t<\/div>\n\t\t\t\t<div class=\"elementor-element elementor-element-9ddbc4d elementor-widget elementor-widget-text-editor\" data-id=\"9ddbc4d\" data-element_type=\"widget\" data-e-type=\"widget\" data-widget_type=\"text-editor.default\">\n\t\t\t\t<div class=\"elementor-widget-container\">\n\t\t\t\t\t\t\t\t\t<ul><li><p><strong>Optioneel: Graduate With Flow werkboek*<\/strong><\/p><\/li><\/ul><p><em>* De perfecte tool om je voortgang bij te houden tijdens het doorlopen van de module. Het bevat alle oefeningen waar je jouw antwoorden in kan noteren en je ontwikkeling overzichtelijk blijft. Je hoeft je antwoorden niet langer terug te zoeken! Direct na aanschaf te gebruiken.<\/em><\/p>\t\t\t\t\t\t\t\t<\/div>\n\t\t\t\t<\/div>\n\t\t\t\t<div class=\"elementor-element elementor-element-7fa3013 elementor-align-left elementor-widget elementor-widget-button\" data-id=\"7fa3013\" data-element_type=\"widget\" data-e-type=\"widget\" data-widget_type=\"button.default\">\n\t\t\t\t<div class=\"elementor-widget-container\">\n\t\t\t\t\t\t\t\t\t<div class=\"elementor-button-wrapper\">\n\t\t\t\t\t<a class=\"elementor-button elementor-button-link elementor-size-sm\" href=\"https:\/\/growwithflow.plugandpay.nl\/checkout\/graduate-with-flow-werkboek\">\n\t\t\t\t\t\t<span class=\"elementor-button-content-wrapper\">\n\t\t\t\t\t\t\t\t\t<span class=\"elementor-button-text\">Koop hier het werkboek!<\/span>\n\t\t\t\t\t<\/span>\n\t\t\t\t\t<\/a>\n\t\t\t\t<\/div>\n\t\t\t\t\t\t\t\t<\/div>\n\t\t\t\t<\/div>\n\t\t\t\t<\/div>\n\t\t<div class=\"elementor-element elementor-element-4141ae84 e-con-full e-flex e-con e-child\" data-id=\"4141ae84\" data-element_type=\"container\" data-e-type=\"container\">\n\t\t\t\t<div class=\"elementor-element elementor-element-a6a6612 elementor-widget elementor-widget-image\" data-id=\"a6a6612\" data-element_type=\"widget\" data-e-type=\"widget\" data-settings=\"{&quot;_animation&quot;:&quot;none&quot;}\" data-widget_type=\"image.default\">\n\t\t\t\t<div class=\"elementor-widget-container\">\n\t\t\t\t\t\t\t\t\t\t\t\t\t\t\t<img decoding=\"async\" width=\"720\" height=\"486\" src=\"https:\/\/growwithflow.nl\/wp-content\/uploads\/2023\/11\/grow-sessie.webp\" class=\"attachment-full size-full wp-image-539\" alt=\"\" srcset=\"https:\/\/growwithflow.nl\/wp-content\/uploads\/2023\/11\/grow-sessie.webp 720w, https:\/\/growwithflow.nl\/wp-content\/uploads\/2023\/11\/grow-sessie-300x203.webp 300w\" sizes=\"(max-width: 720px) 100vw, 720px\" \/>\t\t\t\t\t\t\t\t\t\t\t\t\t\t\t<\/div>\n\t\t\t\t<\/div>\n\t\t\t\t<\/div>\n\t\t\t\t\t<\/div>\n\t\t\t\t<\/div>\n\t\t<div class=\"elementor-element elementor-element-98ecea5 e-flex e-con-boxed e-con e-parent\" data-id=\"98ecea5\" data-element_type=\"container\" data-e-type=\"container\">\n\t\t\t\t\t<div class=\"e-con-inner\">\n\t\t<div class=\"elementor-element elementor-element-6e1c884 e-con-full e-flex e-con e-child\" data-id=\"6e1c884\" data-element_type=\"container\" data-e-type=\"container\">\n\t\t<div class=\"elementor-element elementor-element-5e594b0 e-flex e-con-boxed e-con e-child\" data-id=\"5e594b0\" data-element_type=\"container\" data-e-type=\"container\">\n\t\t\t\t\t<div class=\"e-con-inner\">\n\t\t\t\t<div class=\"elementor-element elementor-element-df1353b elementor-invisible elementor-widget elementor-widget-heading\" data-id=\"df1353b\" data-element_type=\"widget\" data-e-type=\"widget\" data-settings=\"{&quot;_animation&quot;:&quot;fadeIn&quot;,&quot;_animation_delay&quot;:400}\" data-widget_type=\"heading.default\">\n\t\t\t\t<div class=\"elementor-widget-container\">\n\t\t\t\t\t<h2 class=\"elementor-heading-title elementor-size-default\">Na het volgen van deze module weet jij:<\/h2>\t\t\t\t<\/div>\n\t\t\t\t<\/div>\n\t\t\t\t<div class=\"elementor-element elementor-element-79bfc2a5 elementor-widget elementor-widget-text-editor\" data-id=\"79bfc2a5\" data-element_type=\"widget\" data-e-type=\"widget\" data-widget_type=\"text-editor.default\">\n\t\t\t\t<div class=\"elementor-widget-container\">\n\t\t\t\t\t\t\t\t\t<ul><li><strong>Hoe je moeilijke situaties tijdens je stage vol vertrouwen tegemoet kan gaan.<\/strong><\/li><li><strong>Hoe jij je assertiever kunt opstellen, je grenzen kunt aangeven en bewaken.<\/strong><\/li><li><strong>Hoe je om kunt gaan met druk op afstuderen: vanuit jezelf en je omgeving.<\/strong><\/li><li><strong>Wat afstudeerangst is en dat je niet de enige bent met afstudeerangst.<\/strong><\/li><li><strong>Wat er bij het afstuderen komt kijken en hoe je dit op een fijne manier kunt laten verlopen.<\/strong><\/li><li><strong>Hoe je om kunt gaan met gevoelens van angst voor het leven na je studie.<\/strong><\/li><\/ul>\t\t\t\t\t\t\t\t<\/div>\n\t\t\t\t<\/div>\n\t\t\t\t\t<\/div>\n\t\t\t\t<\/div>\n\t\t<div class=\"elementor-element elementor-element-2d21590 e-flex e-con-boxed e-con e-child\" data-id=\"2d21590\" data-element_type=\"container\" data-e-type=\"container\">\n\t\t\t\t\t<div class=\"e-con-inner\">\n\t\t\t\t<div class=\"elementor-element elementor-element-163fa50a elementor-widget elementor-widget-image\" data-id=\"163fa50a\" data-element_type=\"widget\" data-e-type=\"widget\" data-widget_type=\"image.default\">\n\t\t\t\t<div class=\"elementor-widget-container\">\n\t\t\t\t\t\t\t\t\t\t\t\t\t\t\t<img decoding=\"async\" width=\"720\" height=\"486\" src=\"https:\/\/growwithflow.nl\/wp-content\/uploads\/2023\/11\/kennis.webp\" class=\"attachment-full size-full wp-image-652\" alt=\"\" srcset=\"https:\/\/growwithflow.nl\/wp-content\/uploads\/2023\/11\/kennis.webp 720w, https:\/\/growwithflow.nl\/wp-content\/uploads\/2023\/11\/kennis-300x203.webp 300w\" sizes=\"(max-width: 720px) 100vw, 720px\" \/>\t\t\t\t\t\t\t\t\t\t\t\t\t\t\t<\/div>\n\t\t\t\t<\/div>\n\t\t\t\t\t<\/div>\n\t\t\t\t<\/div>\n\t\t\t\t<\/div>\n\t\t\t\t\t<\/div>\n\t\t\t\t<\/div>\n\t\t\t\t<\/div>\n\t\t","protected":false},"excerpt":{"rendered":"<p>De Graduate With Flow module staat in het teken van de periode rondom het afstuderen. <\/p>\n","protected":false},"author":3,"featured_media":650,"parent":243,"menu_order":1,"comment_status":"closed","ping_status":"closed","template":"","meta":{"footnotes":""},"class_list":["post-626","page","type-page","status-publish","has-post-thumbnail","hentry"],"yoast_head":"<!-- This site is optimized with the Yoast SEO plugin v27.3 - https:\/\/yoast.com\/product\/yoast-seo-wordpress\/ -->\n<title>Graduate With Flow - Grow With Flow<\/title>\n<meta name=\"robots\" content=\"index, follow, max-snippet:-1, max-image-preview:large, max-video-preview:-1\" \/>\n<link rel=\"canonical\" href=\"https:\/\/growwithflow.nl\/index.php\/alle-modules\/graduate-with-flow\/\" \/>\n<meta property=\"og:locale\" content=\"en_US\" \/>\n<meta property=\"og:type\" content=\"article\" \/>\n<meta property=\"og:title\" content=\"Graduate With Flow - Grow With Flow\" \/>\n<meta property=\"og:description\" content=\"De Graduate With Flow module staat in het teken van de periode rondom het afstuderen.\" \/>\n<meta property=\"og:url\" content=\"https:\/\/growwithflow.nl\/index.php\/alle-modules\/graduate-with-flow\/\" \/>\n<meta property=\"og:site_name\" content=\"Grow With Flow\" \/>\n<meta property=\"article:modified_time\" content=\"2024-05-17T15:12:08+00:00\" \/>\n<meta property=\"og:image\" content=\"https:\/\/growwithflow.nl\/wp-content\/uploads\/2023\/11\/graduate.webp\" \/>\n\t<meta property=\"og:image:width\" content=\"720\" \/>\n\t<meta property=\"og:image:height\" content=\"486\" \/>\n\t<meta property=\"og:image:type\" content=\"image\/webp\" \/>\n<meta name=\"twitter:card\" content=\"summary_large_image\" \/>\n<meta name=\"twitter:label1\" content=\"Est. reading time\" \/>\n\t<meta name=\"twitter:data1\" content=\"3 minutes\" \/>\n<script type=\"application\/ld+json\" class=\"yoast-schema-graph\">{\"@context\":\"https:\\\/\\\/schema.org\",\"@graph\":[{\"@type\":\"WebPage\",\"@id\":\"https:\\\/\\\/growwithflow.nl\\\/index.php\\\/alle-modules\\\/graduate-with-flow\\\/\",\"url\":\"https:\\\/\\\/growwithflow.nl\\\/index.php\\\/alle-modules\\\/graduate-with-flow\\\/\",\"name\":\"Graduate With Flow - Grow With Flow\",\"isPartOf\":{\"@id\":\"https:\\\/\\\/growwithflow.nl\\\/#website\"},\"primaryImageOfPage\":{\"@id\":\"https:\\\/\\\/growwithflow.nl\\\/index.php\\\/alle-modules\\\/graduate-with-flow\\\/#primaryimage\"},\"image\":{\"@id\":\"https:\\\/\\\/growwithflow.nl\\\/index.php\\\/alle-modules\\\/graduate-with-flow\\\/#primaryimage\"},\"thumbnailUrl\":\"https:\\\/\\\/growwithflow.nl\\\/wp-content\\\/uploads\\\/2023\\\/11\\\/graduate.webp\",\"datePublished\":\"2023-11-28T11:55:30+00:00\",\"dateModified\":\"2024-05-17T15:12:08+00:00\",\"breadcrumb\":{\"@id\":\"https:\\\/\\\/growwithflow.nl\\\/index.php\\\/alle-modules\\\/graduate-with-flow\\\/#breadcrumb\"},\"inLanguage\":\"en-US\",\"potentialAction\":[{\"@type\":\"ReadAction\",\"target\":[\"https:\\\/\\\/growwithflow.nl\\\/index.php\\\/alle-modules\\\/graduate-with-flow\\\/\"]}]},{\"@type\":\"ImageObject\",\"inLanguage\":\"en-US\",\"@id\":\"https:\\\/\\\/growwithflow.nl\\\/index.php\\\/alle-modules\\\/graduate-with-flow\\\/#primaryimage\",\"url\":\"https:\\\/\\\/growwithflow.nl\\\/wp-content\\\/uploads\\\/2023\\\/11\\\/graduate.webp\",\"contentUrl\":\"https:\\\/\\\/growwithflow.nl\\\/wp-content\\\/uploads\\\/2023\\\/11\\\/graduate.webp\",\"width\":720,\"height\":486},{\"@type\":\"BreadcrumbList\",\"@id\":\"https:\\\/\\\/growwithflow.nl\\\/index.php\\\/alle-modules\\\/graduate-with-flow\\\/#breadcrumb\",\"itemListElement\":[{\"@type\":\"ListItem\",\"position\":1,\"name\":\"Home\",\"item\":\"https:\\\/\\\/growwithflow.nl\\\/\"},{\"@type\":\"ListItem\",\"position\":2,\"name\":\"Alle Modules\",\"item\":\"https:\\\/\\\/growwithflow.nl\\\/index.php\\\/alle-modules\\\/\"},{\"@type\":\"ListItem\",\"position\":3,\"name\":\"Graduate With Flow\"}]},{\"@type\":\"WebSite\",\"@id\":\"https:\\\/\\\/growwithflow.nl\\\/#website\",\"url\":\"https:\\\/\\\/growwithflow.nl\\\/\",\"name\":\"Grow With Flow\",\"description\":\"Community voor (h)erkenning, ondersteuning, kennis en groei, in welke fase je ook zit.\",\"publisher\":{\"@id\":\"https:\\\/\\\/growwithflow.nl\\\/#organization\"},\"potentialAction\":[{\"@type\":\"SearchAction\",\"target\":{\"@type\":\"EntryPoint\",\"urlTemplate\":\"https:\\\/\\\/growwithflow.nl\\\/?s={search_term_string}\"},\"query-input\":{\"@type\":\"PropertyValueSpecification\",\"valueRequired\":true,\"valueName\":\"search_term_string\"}}],\"inLanguage\":\"en-US\"},{\"@type\":\"Organization\",\"@id\":\"https:\\\/\\\/growwithflow.nl\\\/#organization\",\"name\":\"Grow With Flow\",\"url\":\"https:\\\/\\\/growwithflow.nl\\\/\",\"logo\":{\"@type\":\"ImageObject\",\"inLanguage\":\"en-US\",\"@id\":\"https:\\\/\\\/growwithflow.nl\\\/#\\\/schema\\\/logo\\\/image\\\/\",\"url\":\"https:\\\/\\\/growwithflow.nl\\\/wp-content\\\/uploads\\\/2023\\\/11\\\/GWF_web_logo-zwart.png\",\"contentUrl\":\"https:\\\/\\\/growwithflow.nl\\\/wp-content\\\/uploads\\\/2023\\\/11\\\/GWF_web_logo-zwart.png\",\"width\":450,\"height\":235,\"caption\":\"Grow With Flow\"},\"image\":{\"@id\":\"https:\\\/\\\/growwithflow.nl\\\/#\\\/schema\\\/logo\\\/image\\\/\"}}]}<\/script>\n<!-- \/ Yoast SEO plugin. -->","yoast_head_json":{"title":"Graduate With Flow - Grow With Flow","robots":{"index":"index","follow":"follow","max-snippet":"max-snippet:-1","max-image-preview":"max-image-preview:large","max-video-preview":"max-video-preview:-1"},"canonical":"https:\/\/growwithflow.nl\/index.php\/alle-modules\/graduate-with-flow\/","og_locale":"en_US","og_type":"article","og_title":"Graduate With Flow - Grow With Flow","og_description":"De Graduate With Flow module staat in het teken van de periode rondom het afstuderen.","og_url":"https:\/\/growwithflow.nl\/index.php\/alle-modules\/graduate-with-flow\/","og_site_name":"Grow With Flow","article_modified_time":"2024-05-17T15:12:08+00:00","og_image":[{"width":720,"height":486,"url":"https:\/\/growwithflow.nl\/wp-content\/uploads\/2023\/11\/graduate.webp","type":"image\/webp"}],"twitter_card":"summary_large_image","twitter_misc":{"Est. reading time":"3 minutes"},"schema":{"@context":"https:\/\/schema.org","@graph":[{"@type":"WebPage","@id":"https:\/\/growwithflow.nl\/index.php\/alle-modules\/graduate-with-flow\/","url":"https:\/\/growwithflow.nl\/index.php\/alle-modules\/graduate-with-flow\/","name":"Graduate With Flow - Grow With Flow","isPartOf":{"@id":"https:\/\/growwithflow.nl\/#website"},"primaryImageOfPage":{"@id":"https:\/\/growwithflow.nl\/index.php\/alle-modules\/graduate-with-flow\/#primaryimage"},"image":{"@id":"https:\/\/growwithflow.nl\/index.php\/alle-modules\/graduate-with-flow\/#primaryimage"},"thumbnailUrl":"https:\/\/growwithflow.nl\/wp-content\/uploads\/2023\/11\/graduate.webp","datePublished":"2023-11-28T11:55:30+00:00","dateModified":"2024-05-17T15:12:08+00:00","breadcrumb":{"@id":"https:\/\/growwithflow.nl\/index.php\/alle-modules\/graduate-with-flow\/#breadcrumb"},"inLanguage":"en-US","potentialAction":[{"@type":"ReadAction","target":["https:\/\/growwithflow.nl\/index.php\/alle-modules\/graduate-with-flow\/"]}]},{"@type":"ImageObject","inLanguage":"en-US","@id":"https:\/\/growwithflow.nl\/index.php\/alle-modules\/graduate-with-flow\/#primaryimage","url":"https:\/\/growwithflow.nl\/wp-content\/uploads\/2023\/11\/graduate.webp","contentUrl":"https:\/\/growwithflow.nl\/wp-content\/uploads\/2023\/11\/graduate.webp","width":720,"height":486},{"@type":"BreadcrumbList","@id":"https:\/\/growwithflow.nl\/index.php\/alle-modules\/graduate-with-flow\/#breadcrumb","itemListElement":[{"@type":"ListItem","position":1,"name":"Home","item":"https:\/\/growwithflow.nl\/"},{"@type":"ListItem","position":2,"name":"Alle Modules","item":"https:\/\/growwithflow.nl\/index.php\/alle-modules\/"},{"@type":"ListItem","position":3,"name":"Graduate With Flow"}]},{"@type":"WebSite","@id":"https:\/\/growwithflow.nl\/#website","url":"https:\/\/growwithflow.nl\/","name":"Grow With Flow","description":"Community voor (h)erkenning, ondersteuning, kennis en groei, in welke fase je ook zit.","publisher":{"@id":"https:\/\/growwithflow.nl\/#organization"},"potentialAction":[{"@type":"SearchAction","target":{"@type":"EntryPoint","urlTemplate":"https:\/\/growwithflow.nl\/?s={search_term_string}"},"query-input":{"@type":"PropertyValueSpecification","valueRequired":true,"valueName":"search_term_string"}}],"inLanguage":"en-US"},{"@type":"Organization","@id":"https:\/\/growwithflow.nl\/#organization","name":"Grow With Flow","url":"https:\/\/growwithflow.nl\/","logo":{"@type":"ImageObject","inLanguage":"en-US","@id":"https:\/\/growwithflow.nl\/#\/schema\/logo\/image\/","url":"https:\/\/growwithflow.nl\/wp-content\/uploads\/2023\/11\/GWF_web_logo-zwart.png","contentUrl":"https:\/\/growwithflow.nl\/wp-content\/uploads\/2023\/11\/GWF_web_logo-zwart.png","width":450,"height":235,"caption":"Grow With Flow"},"image":{"@id":"https:\/\/growwithflow.nl\/#\/schema\/logo\/image\/"}}]}},"_links":{"self":[{"href":"https:\/\/growwithflow.nl\/index.php\/wp-json\/wp\/v2\/pages\/626","targetHints":{"allow":["GET"]}}],"collection":[{"href":"https:\/\/growwithflow.nl\/index.php\/wp-json\/wp\/v2\/pages"}],"about":[{"href":"https:\/\/growwithflow.nl\/index.php\/wp-json\/wp\/v2\/types\/page"}],"author":[{"embeddable":true,"href":"https:\/\/growwithflow.nl\/index.php\/wp-json\/wp\/v2\/users\/3"}],"replies":[{"embeddable":true,"href":"https:\/\/growwithflow.nl\/index.php\/wp-json\/wp\/v2\/comments?post=626"}],"version-history":[{"count":167,"href":"https:\/\/growwithflow.nl\/index.php\/wp-json\/wp\/v2\/pages\/626\/revisions"}],"predecessor-version":[{"id":2114,"href":"https:\/\/growwithflow.nl\/index.php\/wp-json\/wp\/v2\/pages\/626\/revisions\/2114"}],"up":[{"embeddable":true,"href":"https:\/\/growwithflow.nl\/index.php\/wp-json\/wp\/v2\/pages\/243"}],"wp:featuredmedia":[{"embeddable":true,"href":"https:\/\/growwithflow.nl\/index.php\/wp-json\/wp\/v2\/media\/650"}],"wp:attachment":[{"href":"https:\/\/growwithflow.nl\/index.php\/wp-json\/wp\/v2\/media?parent=626"}],"curies":[{"name":"wp","href":"https:\/\/api.w.org\/{rel}","templated":true}]}}