{"id":674,"date":"2023-11-28T13:33:12","date_gmt":"2023-11-28T13:33:12","guid":{"rendered":"https:\/\/growwithflow.nl\/?page_id=674"},"modified":"2024-05-17T16:13:06","modified_gmt":"2024-05-17T15:13:06","slug":"grow-with-the-process","status":"publish","type":"page","link":"https:\/\/growwithflow.nl\/index.php\/alle-modules\/grow-with-the-process\/","title":{"rendered":"Grow With The Process"},"content":{"rendered":"\t\t<div data-elementor-type=\"wp-page\" data-elementor-id=\"674\" class=\"elementor elementor-674\" data-elementor-post-type=\"page\">\n\t\t\t\t<div class=\"elementor-element elementor-element-4c788ad0 e-con-full e-flex e-con e-parent\" data-id=\"4c788ad0\" data-element_type=\"container\" data-e-type=\"container\" data-settings=\"{&quot;background_background&quot;:&quot;classic&quot;}\">\n\t\t<div class=\"elementor-element elementor-element-311bc1c e-flex e-con-boxed e-con e-child\" data-id=\"311bc1c\" data-element_type=\"container\" data-e-type=\"container\">\n\t\t\t\t\t<div class=\"e-con-inner\">\n\t\t\t\t<div class=\"elementor-element elementor-element-f922489 elementor-widget elementor-widget-heading\" data-id=\"f922489\" data-element_type=\"widget\" data-e-type=\"widget\" data-widget_type=\"heading.default\">\n\t\t\t\t<div class=\"elementor-widget-container\">\n\t\t\t\t\t<h1 class=\"elementor-heading-title elementor-size-default\">Grow With The Process<\/h1>\t\t\t\t<\/div>\n\t\t\t\t<\/div>\n\t\t\t\t<div class=\"elementor-element elementor-element-284797ce elementor-widget elementor-widget-text-editor\" data-id=\"284797ce\" data-element_type=\"widget\" data-e-type=\"widget\" data-widget_type=\"text-editor.default\">\n\t\t\t\t<div class=\"elementor-widget-container\">\n\t\t\t\t\t\t\t\t\t<p>De Grow With The Process module staat in het teken van de periode na het afstuderen. Help, je bent afgestudeerd. En nu? Er zijn zo veel mogelijkheden voor wat je kunt gaan doen: werken, reizen, doorstuderen, aanmodderen of helemaal niks.<\/p>\t\t\t\t\t\t\t\t<\/div>\n\t\t\t\t<\/div>\n\t\t\t\t\t<\/div>\n\t\t\t\t<\/div>\n\t\t\t\t<\/div>\n\t\t<div class=\"elementor-element elementor-element-6ce6e52d e-flex e-con-boxed e-con e-parent\" data-id=\"6ce6e52d\" data-element_type=\"container\" data-e-type=\"container\">\n\t\t\t\t\t<div class=\"e-con-inner\">\n\t\t<div class=\"elementor-element elementor-element-537b3d2f e-con-full e-flex e-con e-child\" data-id=\"537b3d2f\" data-element_type=\"container\" data-e-type=\"container\" data-settings=\"{&quot;background_background&quot;:&quot;classic&quot;}\">\n\t\t\t\t<div class=\"elementor-element elementor-element-3187e194 elementor-widget elementor-widget-image\" data-id=\"3187e194\" data-element_type=\"widget\" data-e-type=\"widget\" data-settings=\"{&quot;_animation&quot;:&quot;none&quot;}\" data-widget_type=\"image.default\">\n\t\t\t\t<div class=\"elementor-widget-container\">\n\t\t\t\t\t\t\t\t\t\t\t\t\t\t\t<img fetchpriority=\"high\" decoding=\"async\" width=\"720\" height=\"486\" src=\"https:\/\/growwithflow.nl\/wp-content\/uploads\/2023\/11\/proces.webp\" class=\"attachment-full size-full wp-image-653\" alt=\"\" srcset=\"https:\/\/growwithflow.nl\/wp-content\/uploads\/2023\/11\/proces.webp 720w, https:\/\/growwithflow.nl\/wp-content\/uploads\/2023\/11\/proces-300x203.webp 300w\" sizes=\"(max-width: 720px) 100vw, 720px\" \/>\t\t\t\t\t\t\t\t\t\t\t\t\t\t\t<\/div>\n\t\t\t\t<\/div>\n\t\t\t\t<\/div>\n\t\t<div class=\"elementor-element elementor-element-7e27876f e-con-full e-flex e-con e-child\" data-id=\"7e27876f\" data-element_type=\"container\" data-e-type=\"container\">\n\t\t<div class=\"elementor-element elementor-element-f80fcac e-flex e-con-boxed e-con e-child\" data-id=\"f80fcac\" data-element_type=\"container\" data-e-type=\"container\">\n\t\t\t\t\t<div class=\"e-con-inner\">\n\t\t\t\t<div class=\"elementor-element elementor-element-513d848f elementor-widget elementor-widget-heading\" data-id=\"513d848f\" data-element_type=\"widget\" data-e-type=\"widget\" data-widget_type=\"heading.default\">\n\t\t\t\t<div class=\"elementor-widget-container\">\n\t\t\t\t\t<h2 class=\"elementor-heading-title elementor-size-default\">Welke veranderingen brengt deze fase met zich mee? <br>Welk pad  wordt van je verwacht? <br>Maar wat wil JIJ? <br>Vind jij het lastig om te ontdekken wat je \u00e9cht wilt na je studie? <br>Of ben je misschien bang om een verkeerde keuze te maken?<br>Hoe ga je om met de onzekerheid die gepaard gaat met deze fase?<\/h2>\t\t\t\t<\/div>\n\t\t\t\t<\/div>\n\t\t\t\t<div class=\"elementor-element elementor-element-29b32536 elementor-widget elementor-widget-heading\" data-id=\"29b32536\" data-element_type=\"widget\" data-e-type=\"widget\" data-widget_type=\"heading.default\">\n\t\t\t\t<div class=\"elementor-widget-container\">\n\t\t\t\t\t<h2 class=\"elementor-heading-title elementor-size-default\">Dit is d\u00e9 module die jou op weg kan helpen. <\/h2>\t\t\t\t<\/div>\n\t\t\t\t<\/div>\n\t\t\t\t<div class=\"elementor-element elementor-element-700d6f7a elementor-widget elementor-widget-text-editor\" data-id=\"700d6f7a\" data-element_type=\"widget\" data-e-type=\"widget\" data-widget_type=\"text-editor.default\">\n\t\t\t\t<div class=\"elementor-widget-container\">\n\t\t\t\t\t\t\t\t\t<p>In deze module onderzoek jij wat jij \u00e9cht wilt in het leven na je studie, leer jij hierin je eigen keuzes te maken en krijg je handvatten om verwachtingen van anderen naast je neer te leggen.<\/p>\n<p>Daarnaast krijg je hierbij drie persoonlijke \u00e9\u00e9n-op-\u00e9\u00e9n online coaching sessies, in te plannen wanneer het jou uitkomt.&nbsp;<\/p>\n<p>Voor meer informatie over de Grow sessies,&nbsp;<a style=\"font-family: var( --e-global-typography-accent-font-family ), Sans-serif; font-size: var( --e-global-typography-accent-font-size ); font-weight: var( --e-global-typography-accent-font-weight );\" href=\"https:\/\/growwithflow.nl\/index.php\/grow-sessies-2\/\">klik hier<\/a>.<\/p>\t\t\t\t\t\t\t\t<\/div>\n\t\t\t\t<\/div>\n\t\t\t\t<div class=\"elementor-element elementor-element-2e2572c elementor-align-center elementor-widget elementor-widget-button\" data-id=\"2e2572c\" data-element_type=\"widget\" data-e-type=\"widget\" data-widget_type=\"button.default\">\n\t\t\t\t<div class=\"elementor-widget-container\">\n\t\t\t\t\t\t\t\t\t<div class=\"elementor-button-wrapper\">\n\t\t\t\t\t<a class=\"elementor-button elementor-button-link elementor-size-sm\" href=\"https:\/\/growwithflow.plugandpay.nl\/checkout\/grow-with-the-process-grow-sessie-traject\">\n\t\t\t\t\t\t<span class=\"elementor-button-content-wrapper\">\n\t\t\t\t\t\t\t\t\t<span class=\"elementor-button-text\">Start hier voor \u20ac399<\/span>\n\t\t\t\t\t<\/span>\n\t\t\t\t\t<\/a>\n\t\t\t\t<\/div>\n\t\t\t\t\t\t\t\t<\/div>\n\t\t\t\t<\/div>\n\t\t\t\t\t<\/div>\n\t\t\t\t<\/div>\n\t\t\t\t<\/div>\n\t\t\t\t\t<\/div>\n\t\t\t\t<\/div>\n\t\t<div class=\"elementor-element elementor-element-7b5133e2 e-flex e-con-boxed e-con e-parent\" data-id=\"7b5133e2\" data-element_type=\"container\" data-e-type=\"container\">\n\t\t\t\t\t<div class=\"e-con-inner\">\n\t\t<div class=\"elementor-element elementor-element-18ae2f03 e-con-full e-flex e-con e-child\" data-id=\"18ae2f03\" data-element_type=\"container\" data-e-type=\"container\">\n\t\t\t\t<div class=\"elementor-element elementor-element-23396182 elementor-widget elementor-widget-heading\" data-id=\"23396182\" data-element_type=\"widget\" data-e-type=\"widget\" data-widget_type=\"heading.default\">\n\t\t\t\t<div class=\"elementor-widget-container\">\n\t\t\t\t\t<h2 class=\"elementor-heading-title elementor-size-default\">Bij aanschaf van de module, krijg jij toegang tot:<\/h2>\t\t\t\t<\/div>\n\t\t\t\t<\/div>\n\t\t\t\t<div class=\"elementor-element elementor-element-5cd2210d elementor-widget elementor-widget-text-editor\" data-id=\"5cd2210d\" data-element_type=\"widget\" data-e-type=\"widget\" data-widget_type=\"text-editor.default\">\n\t\t\t\t<div class=\"elementor-widget-container\">\n\t\t\t\t\t\t\t\t\t<ul>\n<li><strong>Kennisclips over verschillende onderwerpen, zoals keuzestress, onzekerheden in deze fase en de voorbereiding op een nieuwe baan.<\/strong><\/li>\n<li><strong>Drie persoonlijke \u00e9\u00e9n-op-\u00e9\u00e9n coaching sessies<\/strong><\/li>\n<li><strong>Theoretische en praktische oefeningen.<\/strong><\/li>\n<li><strong>Tips &amp; tricks vanuit onze kennis en eigen ervaringen.<\/strong><\/li>\n<li style=\"font-size: 23px;\"><span style=\"font-weight: bolder;\">Word je automatisch lid van de Grow With Flow community: altijd ruimte voor jouw verhaal in het contact met lotgenoten.<\/span><\/li>\n<li><strong>Online Q&amp;A momenten met ons.<\/strong><\/li><li><strong>Mogelijkheid om tegen een laag tarief extra Grow sessie(s) in te plannen<br><\/strong><\/li>\n<\/ul>\t\t\t\t\t\t\t\t<\/div>\n\t\t\t\t<\/div>\n\t\t\t\t<div class=\"elementor-element elementor-element-18a9909 elementor-align-left elementor-widget elementor-widget-button\" data-id=\"18a9909\" data-element_type=\"widget\" data-e-type=\"widget\" data-widget_type=\"button.default\">\n\t\t\t\t<div class=\"elementor-widget-container\">\n\t\t\t\t\t\t\t\t\t<div class=\"elementor-button-wrapper\">\n\t\t\t\t\t<a class=\"elementor-button elementor-button-link elementor-size-sm\" href=\"https:\/\/growwithflow.plugandpay.nl\/checkout\/grow-with-the-process-werkboek\">\n\t\t\t\t\t\t<span class=\"elementor-button-content-wrapper\">\n\t\t\t\t\t\t\t\t\t<span class=\"elementor-button-text\">Koop hier het werkboek!<\/span>\n\t\t\t\t\t<\/span>\n\t\t\t\t\t<\/a>\n\t\t\t\t<\/div>\n\t\t\t\t\t\t\t\t<\/div>\n\t\t\t\t<\/div>\n\t\t\t\t<div class=\"elementor-element elementor-element-27fee9ac elementor-widget elementor-widget-text-editor\" data-id=\"27fee9ac\" data-element_type=\"widget\" data-e-type=\"widget\" data-widget_type=\"text-editor.default\">\n\t\t\t\t<div class=\"elementor-widget-container\">\n\t\t\t\t\t\t\t\t\t<ul><li><p><strong>Optioneel : Grow With The Process werkboek*<\/strong><\/p><\/li><\/ul><p><em>* De perfecte tool om je voortgang bij te houden tijdens het doorlopen van de module. Het bevat alle oefeningen waar je jouw antwoorden in kan noteren en je ontwikkeling overzichtelijk blijft. Je hoeft je antwoorden niet langer terug te zoeken! Direct na aanschaf te gebruiken.<\/em><\/p>\t\t\t\t\t\t\t\t<\/div>\n\t\t\t\t<\/div>\n\t\t\t\t<\/div>\n\t\t<div class=\"elementor-element elementor-element-34b58be8 e-con-full e-flex e-con e-child\" data-id=\"34b58be8\" data-element_type=\"container\" data-e-type=\"container\">\n\t\t\t\t<div class=\"elementor-element elementor-element-4c64c11 elementor-widget elementor-widget-image\" data-id=\"4c64c11\" data-element_type=\"widget\" data-e-type=\"widget\" data-settings=\"{&quot;_animation&quot;:&quot;none&quot;}\" data-widget_type=\"image.default\">\n\t\t\t\t<div class=\"elementor-widget-container\">\n\t\t\t\t\t\t\t\t\t\t\t\t\t\t\t<img decoding=\"async\" width=\"720\" height=\"486\" src=\"https:\/\/growwithflow.nl\/wp-content\/uploads\/2023\/11\/grow-sessie.webp\" class=\"attachment-full size-full wp-image-539\" alt=\"\" srcset=\"https:\/\/growwithflow.nl\/wp-content\/uploads\/2023\/11\/grow-sessie.webp 720w, https:\/\/growwithflow.nl\/wp-content\/uploads\/2023\/11\/grow-sessie-300x203.webp 300w\" sizes=\"(max-width: 720px) 100vw, 720px\" \/>\t\t\t\t\t\t\t\t\t\t\t\t\t\t\t<\/div>\n\t\t\t\t<\/div>\n\t\t\t\t<\/div>\n\t\t\t\t\t<\/div>\n\t\t\t\t<\/div>\n\t\t<div class=\"elementor-element elementor-element-28b49e2a e-flex e-con-boxed e-con e-parent\" data-id=\"28b49e2a\" data-element_type=\"container\" data-e-type=\"container\">\n\t\t\t\t\t<div class=\"e-con-inner\">\n\t\t<div class=\"elementor-element elementor-element-16e124cc e-con-full e-flex e-con e-child\" data-id=\"16e124cc\" data-element_type=\"container\" data-e-type=\"container\">\n\t\t<div class=\"elementor-element elementor-element-4b3bcba7 e-flex e-con-boxed e-con e-child\" data-id=\"4b3bcba7\" data-element_type=\"container\" data-e-type=\"container\">\n\t\t\t\t\t<div class=\"e-con-inner\">\n\t\t\t\t<div class=\"elementor-element elementor-element-2310a8e1 elementor-invisible elementor-widget elementor-widget-heading\" data-id=\"2310a8e1\" data-element_type=\"widget\" data-e-type=\"widget\" data-settings=\"{&quot;_animation&quot;:&quot;fadeIn&quot;,&quot;_animation_delay&quot;:400}\" data-widget_type=\"heading.default\">\n\t\t\t\t<div class=\"elementor-widget-container\">\n\t\t\t\t\t<h2 class=\"elementor-heading-title elementor-size-default\">Na het volgen van deze module weet jij:<\/h2>\t\t\t\t<\/div>\n\t\t\t\t<\/div>\n\t\t\t\t<div class=\"elementor-element elementor-element-3a5e00e4 elementor-widget elementor-widget-text-editor\" data-id=\"3a5e00e4\" data-element_type=\"widget\" data-e-type=\"widget\" data-widget_type=\"text-editor.default\">\n\t\t\t\t<div class=\"elementor-widget-container\">\n\t\t\t\t\t\t\t\t\t<ul><li><strong>Wat keuzestress inhoudt en dat je niet de enige bent die last heeft van keuzestress.<\/strong><\/li><li><strong>Hoe je keuzes kunt maken die bij jou passen.<\/strong><\/li><li><strong>Dat je niet per se het gebaande pad richting een baan in loondienst hoeft te volgen.<\/strong><\/li><li><strong>Hoe je om kunt gaan met verwachtingen van anderen.<\/strong><\/li><li><strong>Dat een andere keuze maken helemaal ok\u00e9 is.<\/strong><\/li><li><strong>Dat je jezelf niet meer hoeft te onderschatten.<\/strong><br \/><strong>Wat je kunt en wat je waard bent.<\/strong><\/li><li><strong>Hoe je kritisch kunt blijven, zodat je voor een baan kiest die bij je past.<\/strong><\/li><li><strong>Hoe je, je kunt voorbereiden op een baan als young professional.<\/strong><\/li><\/ul>\t\t\t\t\t\t\t\t<\/div>\n\t\t\t\t<\/div>\n\t\t\t\t\t<\/div>\n\t\t\t\t<\/div>\n\t\t<div class=\"elementor-element elementor-element-6afe13d9 e-flex e-con-boxed e-con e-child\" data-id=\"6afe13d9\" data-element_type=\"container\" data-e-type=\"container\">\n\t\t\t\t\t<div class=\"e-con-inner\">\n\t\t\t\t<div class=\"elementor-element elementor-element-4f3d01e6 elementor-widget elementor-widget-image\" data-id=\"4f3d01e6\" data-element_type=\"widget\" data-e-type=\"widget\" data-widget_type=\"image.default\">\n\t\t\t\t<div class=\"elementor-widget-container\">\n\t\t\t\t\t\t\t\t\t\t\t\t\t\t\t<img decoding=\"async\" width=\"720\" height=\"486\" src=\"https:\/\/growwithflow.nl\/wp-content\/uploads\/2023\/11\/kennis.webp\" class=\"attachment-full size-full wp-image-652\" alt=\"\" srcset=\"https:\/\/growwithflow.nl\/wp-content\/uploads\/2023\/11\/kennis.webp 720w, https:\/\/growwithflow.nl\/wp-content\/uploads\/2023\/11\/kennis-300x203.webp 300w\" sizes=\"(max-width: 720px) 100vw, 720px\" \/>\t\t\t\t\t\t\t\t\t\t\t\t\t\t\t<\/div>\n\t\t\t\t<\/div>\n\t\t\t\t\t<\/div>\n\t\t\t\t<\/div>\n\t\t\t\t<\/div>\n\t\t\t\t\t<\/div>\n\t\t\t\t<\/div>\n\t\t\t\t<\/div>\n\t\t","protected":false},"excerpt":{"rendered":"<p>De Grow With The Process module staat in het teken van de periode na het afstuderen. <\/p>\n","protected":false},"author":3,"featured_media":653,"parent":243,"menu_order":2,"comment_status":"closed","ping_status":"closed","template":"","meta":{"footnotes":""},"class_list":["post-674","page","type-page","status-publish","has-post-thumbnail","hentry"],"yoast_head":"<!-- This site is optimized with the Yoast SEO plugin v27.3 - https:\/\/yoast.com\/product\/yoast-seo-wordpress\/ -->\n<title>Grow With The Process - Grow With Flow<\/title>\n<meta name=\"robots\" content=\"index, follow, max-snippet:-1, max-image-preview:large, max-video-preview:-1\" \/>\n<link rel=\"canonical\" href=\"https:\/\/growwithflow.nl\/index.php\/alle-modules\/grow-with-the-process\/\" \/>\n<meta property=\"og:locale\" content=\"en_US\" \/>\n<meta property=\"og:type\" content=\"article\" \/>\n<meta property=\"og:title\" content=\"Grow With The Process - Grow With Flow\" \/>\n<meta property=\"og:description\" content=\"De Grow With The Process module staat in het teken van de periode na het afstuderen.\" \/>\n<meta property=\"og:url\" content=\"https:\/\/growwithflow.nl\/index.php\/alle-modules\/grow-with-the-process\/\" \/>\n<meta property=\"og:site_name\" content=\"Grow With Flow\" \/>\n<meta property=\"article:modified_time\" content=\"2024-05-17T15:13:06+00:00\" \/>\n<meta property=\"og:image\" content=\"https:\/\/growwithflow.nl\/wp-content\/uploads\/2023\/11\/proces.webp\" \/>\n\t<meta property=\"og:image:width\" content=\"720\" \/>\n\t<meta property=\"og:image:height\" content=\"486\" \/>\n\t<meta property=\"og:image:type\" content=\"image\/webp\" \/>\n<meta name=\"twitter:card\" content=\"summary_large_image\" \/>\n<meta name=\"twitter:label1\" content=\"Est. reading time\" \/>\n\t<meta name=\"twitter:data1\" content=\"3 minutes\" \/>\n<script type=\"application\/ld+json\" class=\"yoast-schema-graph\">{\"@context\":\"https:\\\/\\\/schema.org\",\"@graph\":[{\"@type\":\"WebPage\",\"@id\":\"https:\\\/\\\/growwithflow.nl\\\/index.php\\\/alle-modules\\\/grow-with-the-process\\\/\",\"url\":\"https:\\\/\\\/growwithflow.nl\\\/index.php\\\/alle-modules\\\/grow-with-the-process\\\/\",\"name\":\"Grow With The Process - Grow With Flow\",\"isPartOf\":{\"@id\":\"https:\\\/\\\/growwithflow.nl\\\/#website\"},\"primaryImageOfPage\":{\"@id\":\"https:\\\/\\\/growwithflow.nl\\\/index.php\\\/alle-modules\\\/grow-with-the-process\\\/#primaryimage\"},\"image\":{\"@id\":\"https:\\\/\\\/growwithflow.nl\\\/index.php\\\/alle-modules\\\/grow-with-the-process\\\/#primaryimage\"},\"thumbnailUrl\":\"https:\\\/\\\/growwithflow.nl\\\/wp-content\\\/uploads\\\/2023\\\/11\\\/proces.webp\",\"datePublished\":\"2023-11-28T13:33:12+00:00\",\"dateModified\":\"2024-05-17T15:13:06+00:00\",\"breadcrumb\":{\"@id\":\"https:\\\/\\\/growwithflow.nl\\\/index.php\\\/alle-modules\\\/grow-with-the-process\\\/#breadcrumb\"},\"inLanguage\":\"en-US\",\"potentialAction\":[{\"@type\":\"ReadAction\",\"target\":[\"https:\\\/\\\/growwithflow.nl\\\/index.php\\\/alle-modules\\\/grow-with-the-process\\\/\"]}]},{\"@type\":\"ImageObject\",\"inLanguage\":\"en-US\",\"@id\":\"https:\\\/\\\/growwithflow.nl\\\/index.php\\\/alle-modules\\\/grow-with-the-process\\\/#primaryimage\",\"url\":\"https:\\\/\\\/growwithflow.nl\\\/wp-content\\\/uploads\\\/2023\\\/11\\\/proces.webp\",\"contentUrl\":\"https:\\\/\\\/growwithflow.nl\\\/wp-content\\\/uploads\\\/2023\\\/11\\\/proces.webp\",\"width\":720,\"height\":486},{\"@type\":\"BreadcrumbList\",\"@id\":\"https:\\\/\\\/growwithflow.nl\\\/index.php\\\/alle-modules\\\/grow-with-the-process\\\/#breadcrumb\",\"itemListElement\":[{\"@type\":\"ListItem\",\"position\":1,\"name\":\"Home\",\"item\":\"https:\\\/\\\/growwithflow.nl\\\/\"},{\"@type\":\"ListItem\",\"position\":2,\"name\":\"Alle Modules\",\"item\":\"https:\\\/\\\/growwithflow.nl\\\/index.php\\\/alle-modules\\\/\"},{\"@type\":\"ListItem\",\"position\":3,\"name\":\"Grow With The Process\"}]},{\"@type\":\"WebSite\",\"@id\":\"https:\\\/\\\/growwithflow.nl\\\/#website\",\"url\":\"https:\\\/\\\/growwithflow.nl\\\/\",\"name\":\"Grow With Flow\",\"description\":\"Community voor (h)erkenning, ondersteuning, kennis en groei, in welke fase je ook zit.\",\"publisher\":{\"@id\":\"https:\\\/\\\/growwithflow.nl\\\/#organization\"},\"potentialAction\":[{\"@type\":\"SearchAction\",\"target\":{\"@type\":\"EntryPoint\",\"urlTemplate\":\"https:\\\/\\\/growwithflow.nl\\\/?s={search_term_string}\"},\"query-input\":{\"@type\":\"PropertyValueSpecification\",\"valueRequired\":true,\"valueName\":\"search_term_string\"}}],\"inLanguage\":\"en-US\"},{\"@type\":\"Organization\",\"@id\":\"https:\\\/\\\/growwithflow.nl\\\/#organization\",\"name\":\"Grow With Flow\",\"url\":\"https:\\\/\\\/growwithflow.nl\\\/\",\"logo\":{\"@type\":\"ImageObject\",\"inLanguage\":\"en-US\",\"@id\":\"https:\\\/\\\/growwithflow.nl\\\/#\\\/schema\\\/logo\\\/image\\\/\",\"url\":\"https:\\\/\\\/growwithflow.nl\\\/wp-content\\\/uploads\\\/2023\\\/11\\\/GWF_web_logo-zwart.png\",\"contentUrl\":\"https:\\\/\\\/growwithflow.nl\\\/wp-content\\\/uploads\\\/2023\\\/11\\\/GWF_web_logo-zwart.png\",\"width\":450,\"height\":235,\"caption\":\"Grow With Flow\"},\"image\":{\"@id\":\"https:\\\/\\\/growwithflow.nl\\\/#\\\/schema\\\/logo\\\/image\\\/\"}}]}<\/script>\n<!-- \/ Yoast SEO plugin. -->","yoast_head_json":{"title":"Grow With The Process - Grow With Flow","robots":{"index":"index","follow":"follow","max-snippet":"max-snippet:-1","max-image-preview":"max-image-preview:large","max-video-preview":"max-video-preview:-1"},"canonical":"https:\/\/growwithflow.nl\/index.php\/alle-modules\/grow-with-the-process\/","og_locale":"en_US","og_type":"article","og_title":"Grow With The Process - Grow With Flow","og_description":"De Grow With The Process module staat in het teken van de periode na het afstuderen.","og_url":"https:\/\/growwithflow.nl\/index.php\/alle-modules\/grow-with-the-process\/","og_site_name":"Grow With Flow","article_modified_time":"2024-05-17T15:13:06+00:00","og_image":[{"width":720,"height":486,"url":"https:\/\/growwithflow.nl\/wp-content\/uploads\/2023\/11\/proces.webp","type":"image\/webp"}],"twitter_card":"summary_large_image","twitter_misc":{"Est. reading time":"3 minutes"},"schema":{"@context":"https:\/\/schema.org","@graph":[{"@type":"WebPage","@id":"https:\/\/growwithflow.nl\/index.php\/alle-modules\/grow-with-the-process\/","url":"https:\/\/growwithflow.nl\/index.php\/alle-modules\/grow-with-the-process\/","name":"Grow With The Process - Grow With Flow","isPartOf":{"@id":"https:\/\/growwithflow.nl\/#website"},"primaryImageOfPage":{"@id":"https:\/\/growwithflow.nl\/index.php\/alle-modules\/grow-with-the-process\/#primaryimage"},"image":{"@id":"https:\/\/growwithflow.nl\/index.php\/alle-modules\/grow-with-the-process\/#primaryimage"},"thumbnailUrl":"https:\/\/growwithflow.nl\/wp-content\/uploads\/2023\/11\/proces.webp","datePublished":"2023-11-28T13:33:12+00:00","dateModified":"2024-05-17T15:13:06+00:00","breadcrumb":{"@id":"https:\/\/growwithflow.nl\/index.php\/alle-modules\/grow-with-the-process\/#breadcrumb"},"inLanguage":"en-US","potentialAction":[{"@type":"ReadAction","target":["https:\/\/growwithflow.nl\/index.php\/alle-modules\/grow-with-the-process\/"]}]},{"@type":"ImageObject","inLanguage":"en-US","@id":"https:\/\/growwithflow.nl\/index.php\/alle-modules\/grow-with-the-process\/#primaryimage","url":"https:\/\/growwithflow.nl\/wp-content\/uploads\/2023\/11\/proces.webp","contentUrl":"https:\/\/growwithflow.nl\/wp-content\/uploads\/2023\/11\/proces.webp","width":720,"height":486},{"@type":"BreadcrumbList","@id":"https:\/\/growwithflow.nl\/index.php\/alle-modules\/grow-with-the-process\/#breadcrumb","itemListElement":[{"@type":"ListItem","position":1,"name":"Home","item":"https:\/\/growwithflow.nl\/"},{"@type":"ListItem","position":2,"name":"Alle Modules","item":"https:\/\/growwithflow.nl\/index.php\/alle-modules\/"},{"@type":"ListItem","position":3,"name":"Grow With The Process"}]},{"@type":"WebSite","@id":"https:\/\/growwithflow.nl\/#website","url":"https:\/\/growwithflow.nl\/","name":"Grow With Flow","description":"Community voor (h)erkenning, ondersteuning, kennis en groei, in welke fase je ook zit.","publisher":{"@id":"https:\/\/growwithflow.nl\/#organization"},"potentialAction":[{"@type":"SearchAction","target":{"@type":"EntryPoint","urlTemplate":"https:\/\/growwithflow.nl\/?s={search_term_string}"},"query-input":{"@type":"PropertyValueSpecification","valueRequired":true,"valueName":"search_term_string"}}],"inLanguage":"en-US"},{"@type":"Organization","@id":"https:\/\/growwithflow.nl\/#organization","name":"Grow With Flow","url":"https:\/\/growwithflow.nl\/","logo":{"@type":"ImageObject","inLanguage":"en-US","@id":"https:\/\/growwithflow.nl\/#\/schema\/logo\/image\/","url":"https:\/\/growwithflow.nl\/wp-content\/uploads\/2023\/11\/GWF_web_logo-zwart.png","contentUrl":"https:\/\/growwithflow.nl\/wp-content\/uploads\/2023\/11\/GWF_web_logo-zwart.png","width":450,"height":235,"caption":"Grow With Flow"},"image":{"@id":"https:\/\/growwithflow.nl\/#\/schema\/logo\/image\/"}}]}},"_links":{"self":[{"href":"https:\/\/growwithflow.nl\/index.php\/wp-json\/wp\/v2\/pages\/674","targetHints":{"allow":["GET"]}}],"collection":[{"href":"https:\/\/growwithflow.nl\/index.php\/wp-json\/wp\/v2\/pages"}],"about":[{"href":"https:\/\/growwithflow.nl\/index.php\/wp-json\/wp\/v2\/types\/page"}],"author":[{"embeddable":true,"href":"https:\/\/growwithflow.nl\/index.php\/wp-json\/wp\/v2\/users\/3"}],"replies":[{"embeddable":true,"href":"https:\/\/growwithflow.nl\/index.php\/wp-json\/wp\/v2\/comments?post=674"}],"version-history":[{"count":128,"href":"https:\/\/growwithflow.nl\/index.php\/wp-json\/wp\/v2\/pages\/674\/revisions"}],"predecessor-version":[{"id":2120,"href":"https:\/\/growwithflow.nl\/index.php\/wp-json\/wp\/v2\/pages\/674\/revisions\/2120"}],"up":[{"embeddable":true,"href":"https:\/\/growwithflow.nl\/index.php\/wp-json\/wp\/v2\/pages\/243"}],"wp:featuredmedia":[{"embeddable":true,"href":"https:\/\/growwithflow.nl\/index.php\/wp-json\/wp\/v2\/media\/653"}],"wp:attachment":[{"href":"https:\/\/growwithflow.nl\/index.php\/wp-json\/wp\/v2\/media?parent=674"}],"curies":[{"name":"wp","href":"https:\/\/api.w.org\/{rel}","templated":true}]}}